lculate the highest common factor of 9 and q.
9
Suppose -n + 21 = 14. Suppose -231 = -n*p + 6*p. What is the greatest common factor of 21 and p?
21
Suppose -46 + 49 = -d. Let g be (d - 0) + 47 + -4 + 6. What is the greatest common divisor of 92 and g?
46
Let l(g) = 43*g - 2. Let r be l(2). Suppose -3*v = 3*f - 39, -f + v + 0 = -11. What is the greatest common divisor of r and f?
12
Let r be 1454/18 + (-18)/(-81). Let t = r - 27. Suppose 0 = w - 4*w + t. What is the greatest common factor of w and 72?
18
Let o = 99 - 97. Suppose o*g + 8 - 34 = 0. What is the greatest common factor of g and 26?
13
Suppose 3*t = t + 80. Let x(h) = -204*h + 1028. Let r be x(5). Calculate the highest common factor of r and t.
8
Let q(v) = -v**3 + 23*v**2 + 4*v - 60. Let g be q(23). What is the greatest common factor of 160 and g?
32
Let q(g) = g**2 - 6*g + 10. Let w be q(4). Let d be 8/3*6/w. Suppose d*x - 13*x = -1045. Calculate the highest common divisor of 19 and x.
19
Let b be (-4)/(1*2/(-4)). Let u = b + -3. Let p be (-462)/(-105) - (-6)/10. What is the highest common divisor of p and u?
5
Let q be (-105)/7*21/(-35). What is the greatest common divisor of q and 441?
9
Let p be (-381)/(-4*27/288). What is the highest common divisor of 8 and p?
8
Let q(v) = -6*v - 7. Let g(n) = 1. Let t(c) = 4*g(c) + q(c). Let h be t(-4). What is the highest common factor of h and 231?
21
Suppose 0 = 12*h - 252 - 0. What is the highest common divisor of 105 and h?
21
Let w = -11 + 11. Suppose -2*d + 2*r - 1 - 1 = w, -4*d - 2*r + 8 = 0. Calculate the highest common divisor of 8 and d.
1
Suppose -4 = -2*s - w, -w = -1 - 1. Let q be 0/s + 14 + 0. Calculate the highest common factor of q and 14.
14
Let l be (1*7)/((-71)/(-1775)). Calculate the greatest common factor of l and 14.
7
Let h be (-158)/(-1) - ((-21)/7)/3. Suppose h = 7*y - 198. Calculate the highest common divisor of 34 and y.
17
Let r = -421 + 485. What is the highest common factor of 272 and r?
16
Let s be 24*(-1 + (-11)/(-3)). Suppose -732 + 12 = -45*i. What is the greatest common factor of s and i?
16
Suppose 3*n + 3 - 9 = 0, 2*g - 4 = 5*n. What is the greatest common factor of 35 and g?
7
Let g be -5 - -2 - 15*-2. Let u = 31 - g. Suppose -d = -h - 115, 0*h + u*h - 260 = -2*d. What is the greatest common factor of d and 48?
24
Let g(o) = -5 + 4*o - 5*o**2 + 3 - 11*o - o**3 + 0*o. Let b be g(-4). Calculate the highest common factor of b and 130.
10
Suppose -30*l + 4535 = 455. Let a(r) = -r**2 - 10*r + 1. Let x be a(-8). Calculate the highest common divisor of x and l.
17
Let l = -113 - 95. Let a = -120 - l. Calculate the highest common factor of a and 22.
22
Suppose 2*c - 92 = 4*u + 84, -4*u - 266 = -3*c. Calculate the greatest common divisor of 54 and c.
18
Suppose -2*o = 4*p - 292, p + 5*o = 66 + 7. What is the greatest common divisor of 584 and p?
73
Let a = 76 - 49. Suppose 5*r - o - 10 = -a, -5*o = -r + 11. Let m = 60 - r. Calculate the greatest common divisor of 16 and m.
16
Suppose 56 = 14*q - 28. Let w be (-2)/(-8) + (-15)/(-4). Suppose 4*y - 18 = 2*z, w*z + 1 = 3*z. What is the highest common factor of q and y?
2
Let t be 3/(4/(-96)*-9). Suppose -154 + 458 = t*o. Calculate the greatest common factor of 95 and o.
19
Let d(v) = 24*v + 8. Let y be d(9). Suppose 3*b = 35 + 61. What is the greatest common divisor of b and y?
32
Suppose -4*m - 526 = -1318. Calculate the highest common factor of m and 66.
66
Suppose -p - 8 = -3*p. Suppose -c - p*o + 15 = -2*o, 0 = -2*o. Suppose -2*i = -8 + 2. Calculate the highest common divisor of i and c.
3
Let d be -16*3*(-21)/12. Calculate the highest common factor of 24 and d.
12
Let m be (-26)/(-9) + (-10)/(-90) + 2777. What is the highest common divisor of m and 20?
20
Let g be 20/((-2)/(-16)*4). Suppose 5*j = -0*j + g. Let k be (-4)/j*-4 - 1. What is the greatest common divisor of 4 and k?
1
Suppose -634*y + 622*y + 72 = 0. Calculate the highest common factor of y and 21.
3
Let y(k) = k + 2. Suppose x - 5*j + 11 = 0, -3*x + 28 = 4*j + 4. Let d be y(x). What is the greatest common factor of 3 and d?
3
Let t(d) = 3*d**2 - 8*d + 11. Let f(r) = 7*r**2 - 17*r + 23. Let n(x) = 4*f(x) - 9*t(x). Let z be n(5). What is the highest common factor of 342 and z?
38
Suppose -2*r + 6 = -8. Suppose -5*k - 14 = s - 59, 5*s - k - 355 = 0. Calculate the greatest common divisor of r and s.
7
Let l be 2/6 + (-16)/3. Let k(j) = 3*j**2 - 2*j - 1. Let y be k(l). Let p = 25 + -13. What is the highest common divisor of p and y?
12
Let u(h) = 3*h**3 + h**2 - 2*h + 7. Let z be u(3). Suppose 0 = -5*m - 0*m + 65. Calculate the greatest common factor of m and z.
13
Let f = -20 - 62. Let i = f - -84. Calculate the highest common factor of i and 1.
1
Suppose -200*d + 191*d + 234 = 0. What is the highest common factor of 429 and d?
13
Suppose -108*i = -103*i - 25. Suppose 0 = -4*d + 3*h - h + 226, -i*h - 133 = -2*d. Calculate the greatest common divisor of d and 12.
6
Suppose 0 = -2*j - 10, -3*m + 2*m + 2*j = -14. Suppose -5*l + 10 = -10. What is the greatest common divisor of m and l?
4
Suppose -2*w + 4 = 2. Let s = -19405 + 19406. Calculate the greatest common divisor of s and w.
1
Let g = -25 + 28. Suppose -2*m = 3*q + 1, g*m = 3*q - 2*q - 18. Suppose -3*a = q*a - 420. What is the greatest common factor of a and 7?
7
Suppose o + 52 = 4*n, -n = -2*n - 3*o. What is the highest common divisor of n and 3?
3
Let d = -10 + 8. Let z be (-3 - 2) + d - 2. Let i(m) = -16*m. Let w be i(z). What is the greatest common factor of 18 and w?
18
Suppose -4*b = -2551 + 231. Calculate the highest common divisor of 116 and b.
116
Suppose 538 - 188 = 25*u. What is the greatest common divisor of 826 and u?
14
Let v be 1616/6 - 30/225*-5. What is the greatest common divisor of v and 30?
30
Let y = 27 + -33. Let m = 10 - 16. Let j be 26/y*(0 + m). What is the highest common factor of j and 65?
13
Let c(h) = -5*h - 127. Let x be c(-35). What is the greatest common factor of x and 60?
12
Let o = 6 - -9. Let z = -1675 + 1695. Calculate the highest common divisor of z and o.
5
Suppose 5*u + 780 = 5*j, j - 5*u - 152 + 12 = 0. What is the highest common divisor of j and 20?
20
Suppose 9*o - 452 = -29. Let l = o + -17. Calculate the greatest common factor of l and 75.
15
Let o = 8 + 10. Let s(v) = -v**2 - 4*v + 15. Let p be s(-6). Suppose -p*b - 45 = -8*b. What is the greatest common factor of o and b?
9
Let x(o) = 5*o**2 - 13*o + 1. Let d be x(3). Calculate the highest common divisor of d and 56.
7
Suppose 7*f - 2740 = 2930. Calculate the highest common divisor of f and 15.
15
Let i be (-4 + 3)*(2 + -8). Suppose 16 = -4*r + i*r. Let d = -72 - -112. What is the highest common factor of r and d?
8
Let t = -193 + 225. Calculate the highest common factor of 416 and t.
32
Suppose 8*x - 56 = -6*x. Let u = x + 8. What is the greatest common factor of u and 9?
3
Let a(x) = -x**2 - 11*x + 8. Let l be a(-7). Let p(f) = 4 + f**2 - 4*f + f + 8*f - 3*f. Let r be p(-4). What is the greatest common divisor of l and r?
12
Let q = -417 + 426. Let y = -7 - -22. Calculate the greatest common divisor of y and q.
3
Suppose -49*v + 64 = -41*v. What is the highest common divisor of v and 88?
8
Let q(p) = 2*p - 7. Let d be q(2). Let y be d*(-2)/36 - (-10)/12. Calculate the highest common factor of 5 and y.
1
Let p(k) = -2*k**2 - 30*k - 38. Let y be p(-6). Calculate the highest common divisor of y and 98.
14
Let c(q) = 2 + 3*q + 0*q - 3*q**2 - 8 - 4 + q**3. Let w be c(4). What is the greatest common factor of 54 and w?
18
Let z(d) = -d**2 - 3*d + 6. Let i be z(-3). Let o be (-2 + 4/i)*-6. Let m(f) = 2*f + 8. Let n be m(o). What is the highest common divisor of n and 12?
12
Let q = 19 - 3. Let l = 20 - q. Suppose -11 + 31 = l*p. Calculate the highest common divisor of 5 and p.
5
Suppose 0 = -5*d, -50*d = -2*i - 53*d + 56. Calculate the greatest common factor of 343 and i.
7
Let s be (16/(-3))/(-2)*9. Suppose 7*k - 13*k = -444. Let u = k - s. Calculate the greatest common factor of u and 20.
10
Let m be 7 + 154/7 - -3. What is the highest common divisor of m and 56?
8
Let v(b) = b - 4. Let t be v(6). Suppose 24 = -t*y + 6*y. Let f = 519 + -517. What is the highest common factor of f and y?
2
Let z(y) = 44*y**2 - 2*y + 4. Let c be z(2). Suppose 0 = -3*n - 15